{"id":488,"date":"2024-03-10T21:21:11","date_gmt":"2024-03-10T20:21:11","guid":{"rendered":"http:\/\/serwer264809.lh.pl\/autoinstalator\/serwer264809.lh.pl\/wordpress59408\/?page_id=488"},"modified":"2025-06-12T16:23:10","modified_gmt":"2025-06-12T14:23:10","slug":"logistyka-2","status":"publish","type":"page","link":"https:\/\/tmlogistic.pl\/?page_id=488","title":{"rendered":"Logistyka"},"content":{"rendered":"\n<div class=\"wp-block-cover alignfull is-light\" style=\"min-height:365px;aspect-ratio:unset;\"><img loading=\"lazy\" decoding=\"async\" width=\"1024\" height=\"683\" class=\"wp-block-cover__image-background wp-image-707 size-large\" alt=\"\" src=\"http:\/\/tmlogistic.pl\/wp-content\/uploads\/2025\/01\/pexels-pixabay-257636-1024x683.webp\" data-object-fit=\"cover\" srcset=\"https:\/\/tmlogistic.pl\/wp-content\/uploads\/2025\/01\/pexels-pixabay-257636-1024x683.webp 1024w, https:\/\/tmlogistic.pl\/wp-content\/uploads\/2025\/01\/pexels-pixabay-257636-300x200.webp 300w, https:\/\/tmlogistic.pl\/wp-content\/uploads\/2025\/01\/pexels-pixabay-257636-768x512.webp 768w, https:\/\/tmlogistic.pl\/wp-content\/uploads\/2025\/01\/pexels-pixabay-257636-1536x1024.webp 1536w, https:\/\/tmlogistic.pl\/wp-content\/uploads\/2025\/01\/pexels-pixabay-257636-930x620.webp 930w, https:\/\/tmlogistic.pl\/wp-content\/uploads\/2025\/01\/pexels-pixabay-257636.webp 1996w\" sizes=\"auto, (max-width: 1024px) 100vw, 1024px\" \/><span aria-hidden=\"true\" class=\"wp-block-cover__background has-nv-dark-bg-background-color has-background-dim-0 has-background-dim\"><\/span><div class=\"wp-block-cover__inner-container is-layout-flow wp-block-cover-is-layout-flow\">\n<div class=\"wp-block-columns is-layout-flex wp-container-core-columns-is-layout-9d6595d7 wp-block-columns-is-layout-flex\">\n<div class=\"wp-block-column is-layout-flow wp-block-column-is-layout-flow\" style=\"flex-basis:100%\"><\/div>\n<\/div>\n<\/div><\/div>\n\n\n\n<div id=\"wp-block-themeisle-blocks-advanced-columns-89ea3aa3\" class=\"wp-block-themeisle-blocks-advanced-columns has-1-columns has-desktop-equal-layout has-tablet-equal-layout has-mobile-equal-layout has-vertical-center\"><div class=\"wp-block-themeisle-blocks-advanced-columns-overlay\"><\/div><div class=\"innerblocks-wrap\">\n<div id=\"wp-block-themeisle-blocks-advanced-column-7c9470b3\" class=\"wp-block-themeisle-blocks-advanced-column\">\n<div class=\"wp-block-columns is-layout-flex wp-container-core-columns-is-layout-284c582c wp-block-columns-is-layout-flex\" style=\"padding-top:0px;padding-right:0\">\n<div class=\"wp-block-column is-vertically-aligned-center has-nv-site-bg-background-color has-background is-layout-flow wp-block-column-is-layout-flow\" style=\"border-style:none;border-width:0px;border-radius:0px;padding-top:0;padding-bottom:0\">\n<p class=\"has-large-font-size\"><br>\ud83d\udce6 Logistyka w transporcie \u2013 kompleksowe rozwi\u0105zania dla Twojego biznesu<\/p>\n\n\n\n<p>W TM Logistic Polska wiemy, \u017ce <strong>skuteczna logistyka transportowa<\/strong> to co\u015b wi\u0119cej ni\u017c przewiezienie towaru z punktu A do B. To <strong>planowanie, kontrola, elastyczno\u015b\u0107 i bezpiecze\u0144stwo<\/strong>, kt\u00f3re przek\u0142adaj\u0105 si\u0119 na realne oszcz\u0119dno\u015bci oraz przewag\u0119 konkurencyjn\u0105 naszych klient\u00f3w.<\/p>\n\n\n\n<h3 class=\"wp-block-heading\">\ud83d\udd36 Co oferujemy w zakresie logistyki transportowej?<\/h3>\n\n\n\n<ul class=\"wp-block-list\">\n<li><strong>Planowanie tras i optymalizacja koszt\u00f3w<\/strong><br>\u2013 Dobieramy najefektywniejsze rozwi\u0105zania transportowe, redukuj\u0105c puste przebiegi i czas dostawy.<\/li>\n\n\n\n<li><strong>Pe\u0142na koordynacja procesu transportowego<\/strong><br>\u2013 Od momentu za\u0142adunku po roz\u0142adunek \u2013 kontrolujemy ka\u017cdy etap realizacji zlecenia.<\/li>\n\n\n\n<li><strong>Monitorowanie i raportowanie (GPS + TMS)<\/strong><br>\u2013 Klient otrzymuje dost\u0119p do bie\u017c\u0105cej lokalizacji \u0142adunku oraz status\u00f3w realizacji.<\/li>\n\n\n\n<li><strong>Magazynowanie i prze\u0142adunki (na \u017cyczenie)<\/strong><br>\u2013 Obs\u0142uga \u0142a\u0144cucha dostaw: prze\u0142adunki, kr\u00f3tkoterminowe magazynowanie, cross-docking.<\/li>\n\n\n\n<li><strong>Indywidualne podej\u015bcie do ka\u017cdego zlecenia<\/strong><br>\u2013 Dostosowujemy rozwi\u0105zania logistyczne do bran\u017cy, wielko\u015bci \u0142adunku oraz terminu.<\/li>\n<\/ul>\n\n\n\n<hr class=\"wp-block-separator has-alpha-channel-opacity\"\/>\n\n\n\n<h3 class=\"wp-block-heading\">\ud83d\ude9a Dla kogo?<\/h3>\n\n\n\n<p>Nasze <strong>us\u0142ugi logistyczne<\/strong> dedykujemy firmom z bran\u017cy:<\/p>\n\n\n\n<ul class=\"wp-block-list\">\n<li>e-commerce i retail<\/li>\n\n\n\n<li>FMCG i spo\u017cywczej<\/li>\n\n\n\n<li>przemys\u0142owej i automotive<\/li>\n\n\n\n<li>farmaceutycznej i chemicznej (ADR)<\/li>\n<\/ul>\n\n\n\n<hr class=\"wp-block-separator has-alpha-channel-opacity\"\/>\n\n\n\n<h3 class=\"wp-block-heading\">\u2705 Dlaczego TM Logistic?<\/h3>\n\n\n\n<ul class=\"wp-block-list\">\n<li>W\u0142asna, niezawodna flota<\/li>\n\n\n\n<li>Do\u015bwiadczeni logistycy i spedytorzy<\/li>\n\n\n\n<li>Realna elastyczno\u015b\u0107 i dost\u0119pno\u015b\u0107 24\/7<\/li>\n\n\n\n<li>Obs\u0142uga sta\u0142ych i jednorazowych zlece\u0144<\/li>\n\n\n\n<li>Silna obecno\u015b\u0107 na rynku <strong>mi\u0119dzynarodowym \u2013 Francja, Niemcy, Hiszpania, Belgia<\/strong><\/li>\n<\/ul>\n\n\n\n<hr class=\"wp-block-separator has-alpha-channel-opacity\"\/>\n\n\n\n<p><strong>Skontaktuj si\u0119 z nami<\/strong>, je\u015bli szukasz partnera, kt\u00f3ry zorganizuje logistyk\u0119 transportow\u0105 <strong>kompleksowo, terminowo i bez komplikacji<\/strong>.<br>\ud83d\udd27 Nowe technologie w logistyce \u2013 przysz\u0142o\u015b\u0107 transportu ju\u017c dzi\u015b<\/p>\n\n\n\n<p>Nowoczesna logistyka nie opiera si\u0119 ju\u017c wy\u0142\u0105cznie na do\u015bwiadczeniu i flocie. W TM Logistic Polska inwestujemy w <strong>innowacyjne technologie logistyczne<\/strong>, kt\u00f3re pozwalaj\u0105 nam dzia\u0142a\u0107 szybciej, precyzyjniej i bardziej transparentnie \u2013 zar\u00f3wno dla naszych klient\u00f3w, jak i naszych kierowc\u00f3w.<br><\/p>\n\n\n\n<h3 class=\"wp-block-heading\">\ud83d\ude80 Jakie technologie wspieraj\u0105 nasz\u0105 logistyk\u0119?<\/h3>\n\n\n\n<h4 class=\"wp-block-heading\">\ud83d\udccd System monitorowania GPS i \u015bledzenia przesy\u0142ek<\/h4>\n\n\n\n<p>Dzi\u0119ki zaawansowanym systemom GPS monitorujemy ka\u017cdy pojazd w czasie rzeczywistym. Klienci mog\u0105 mie\u0107 bie\u017c\u0105cy wgl\u0105d w lokalizacj\u0119 swojego \u0142adunku \u2013 to <strong>pe\u0142na kontrola i bezpiecze\u0144stwo dostawy<\/strong>.<\/p>\n\n\n\n<h4 class=\"wp-block-heading\">\ud83e\udde0 System TMS (Transport Management System)<\/h4>\n\n\n\n<p>Nasze zlecenia obs\u0142ugujemy przez nowoczesny system TMS, kt\u00f3ry pozwala na:<\/p>\n\n\n\n<ul class=\"wp-block-list\">\n<li>szybk\u0105 analiz\u0119 tras i koszt\u00f3w,<\/li>\n\n\n\n<li>zarz\u0105dzanie \u0142adunkami,<\/li>\n\n\n\n<li>raportowanie i komunikacj\u0119 w czasie rzeczywistym.<\/li>\n<\/ul>\n\n\n\n<h4 class=\"wp-block-heading\">\ud83d\udd04 Automatyzacja proces\u00f3w logistycznych<\/h4>\n\n\n\n<p>Minimalizujemy ryzyko b\u0142\u0119d\u00f3w dzi\u0119ki automatycznym potwierdzeniom zlece\u0144, fakturom oraz generowaniu dokument\u00f3w przewozowych.<\/p>\n\n\n\n<h4 class=\"wp-block-heading\">\ud83d\udcf1 Cyfrowy obieg dokument\u00f3w<\/h4>\n\n\n\n<p>Eliminujemy zb\u0119dny papier \u2013 dokumenty transportowe, CMR, zlecenia i faktury dost\u0119pne s\u0105 online, szybko i bezpiecznie.<\/p>\n\n\n\n<hr class=\"wp-block-separator has-alpha-channel-opacity\"\/>\n\n\n\n<h3 class=\"wp-block-heading\">\ud83d\udcc8 Co zyskuj\u0105 nasi klienci?<\/h3>\n\n\n\n<ul class=\"wp-block-list\">\n<li><strong>Szybsz\u0105 realizacj\u0119 zlece\u0144<\/strong><\/li>\n\n\n\n<li><strong>Przejrzysto\u015b\u0107 proces\u00f3w logistycznych<\/strong><\/li>\n\n\n\n<li><strong>Sta\u0142y dost\u0119p do informacji o statusie transportu<\/strong><\/li>\n\n\n\n<li><strong>Wi\u0119ksze bezpiecze\u0144stwo \u0142adunk\u00f3w<\/strong><\/li>\n<\/ul>\n\n\n\n<hr class=\"wp-block-separator has-alpha-channel-opacity\"\/>\n\n\n\n<h3 class=\"wp-block-heading\">\ud83c\udf0d TM Logistic \u2013 logistyka przysz\u0142o\u015bci<\/h3>\n\n\n\n<p>Wierzymy, \u017ce <strong>nowoczesne technologie w logistyce<\/strong> to nie luksus, a standard. Dlatego nieustannie rozwijamy nasze systemy, by zapewni\u0107 naszym partnerom <strong>maksymaln\u0105 jako\u015b\u0107 us\u0142ug transportowych i spedycyjnych<\/strong>.<\/p>\n<\/div>\n<\/div>\n<\/div>\n<\/div><\/div>\n\n\n\n<div id=\"wp-block-themeisle-blocks-advanced-columns-a59a3180\" class=\"wp-block-themeisle-blocks-advanced-columns has-1-columns has-desktop-equal-layout has-tablet-equal-layout has-mobile-equal-layout has-vertical-unset\"><div class=\"wp-block-themeisle-blocks-advanced-columns-overlay\"><\/div><div class=\"innerblocks-wrap\">\n<div id=\"wp-block-themeisle-blocks-advanced-column-8a4ad2ea\" class=\"wp-block-themeisle-blocks-advanced-column\">\n<p><\/p>\n<\/div>\n<\/div><\/div>\n\n\n\n<div class=\"wp-block-cover alignfull is-light\" style=\"min-height:484px;aspect-ratio:unset;\"><span aria-hidden=\"true\" class=\"wp-block-cover__background has-nv-dark-bg-background-color has-background-dim-100 has-background-dim\"><\/span><div class=\"wp-block-cover__inner-container is-layout-flow wp-block-cover-is-layout-flow\">\n<div class=\"wp-block-columns are-vertically-aligned-center is-layout-flex wp-container-core-columns-is-layout-9d6595d7 wp-block-columns-is-layout-flex\">\n<div class=\"wp-block-column is-vertically-aligned-center is-layout-flow wp-block-column-is-layout-flow\">\n<h2 class=\"wp-block-heading has-nv-text-dark-bg-color has-text-color\"><br><strong>Sprawna logistyka to tak\u017ce efekt wykorzystywania nowoczesnej floty pojazd\u00f3w.<\/strong><\/h2>\n\n\n\n<p class=\"has-nv-text-dark-bg-color has-text-color\">Posiadamy pojazdy specjalistyczne, kt\u00f3re pozwalaj\u0105 na przew\u00f3z \u0142adunk\u00f3w r\u00f3\u017cnego typu. Mo\u017cemy zaoferowa\u0107 Pa\u0144stwu transport materia\u0142\u00f3w sypkich oraz spo\u017cywczych. Na wyposa\u017ceniu posiadamy pojazdy ch\u0142odnicze, kt\u00f3re gwarantuj\u0105 zachowanie odpowiednich warunk\u00f3w przewozu dla produkt\u00f3w wra\u017cliwych na zmiany temperatury.<\/p>\n\n\n\n<div class=\"wp-block-buttons is-layout-flex wp-block-buttons-is-layout-flex\">\n<div class=\"wp-block-button is-style-primary\"><a class=\"wp-block-button__link wp-element-button\">Kontakt<\/a><\/div>\n<\/div>\n<\/div>\n<\/div>\n<\/div><\/div>\n","protected":false},"excerpt":{"rendered":"","protected":false},"author":1,"featured_media":0,"parent":0,"menu_order":0,"comment_status":"closed","ping_status":"closed","template":"","meta":{"neve_meta_sidebar":"full-width","neve_meta_container":"contained","neve_meta_enable_content_width":"on","neve_meta_content_width":100,"neve_meta_title_alignment":"","neve_meta_author_avatar":"","neve_post_elements_order":"","neve_meta_disable_header":"","neve_meta_disable_footer":"off","neve_meta_disable_title":"on","_themeisle_gutenberg_block_has_review":false,"footnotes":""},"class_list":["post-488","page","type-page","status-publish","hentry"],"yoast_head":"<!-- This site is optimized with the Yoast SEO plugin v27.4 - https:\/\/yoast.com\/product\/yoast-seo-wordpress\/ -->\n<title>Logistyka - TM Logistic Polska \u2013 Transport, Spedycja, Logistyka<\/title>\n<meta name=\"robots\" content=\"index, follow, max-snippet:-1, max-image-preview:large, max-video-preview:-1\" \/>\n<link rel=\"canonical\" href=\"https:\/\/tmlogistic.pl\/?page_id=488\" \/>\n<meta property=\"og:locale\" content=\"pl_PL\" \/>\n<meta property=\"og:type\" content=\"article\" \/>\n<meta property=\"og:title\" content=\"Logistyka - TM Logistic Polska \u2013 Transport, Spedycja, Logistyka\" \/>\n<meta property=\"og:url\" content=\"https:\/\/tmlogistic.pl\/?page_id=488\" \/>\n<meta property=\"og:site_name\" content=\"TM Logistic Polska \u2013 Transport, Spedycja, Logistyka\" \/>\n<meta property=\"article:modified_time\" content=\"2025-06-12T14:23:10+00:00\" \/>\n<meta property=\"og:image\" content=\"http:\/\/tmlogistic.pl\/wp-content\/uploads\/2025\/01\/pexels-pixabay-257636-1024x683.webp\" \/>\n<meta name=\"twitter:card\" content=\"summary_large_image\" \/>\n<meta name=\"twitter:label1\" content=\"Szacowany czas czytania\" \/>\n\t<meta name=\"twitter:data1\" content=\"3 minuty\" \/>\n<script type=\"application\/ld+json\" class=\"yoast-schema-graph\">{\"@context\":\"https:\\\/\\\/schema.org\",\"@graph\":[{\"@type\":\"WebPage\",\"@id\":\"https:\\\/\\\/tmlogistic.pl\\\/?page_id=488\",\"url\":\"https:\\\/\\\/tmlogistic.pl\\\/?page_id=488\",\"name\":\"Logistyka - TM Logistic Polska \u2013 Transport, Spedycja, Logistyka\",\"isPartOf\":{\"@id\":\"https:\\\/\\\/tmlogistic.pl\\\/#website\"},\"primaryImageOfPage\":{\"@id\":\"https:\\\/\\\/tmlogistic.pl\\\/?page_id=488#primaryimage\"},\"image\":{\"@id\":\"https:\\\/\\\/tmlogistic.pl\\\/?page_id=488#primaryimage\"},\"thumbnailUrl\":\"http:\\\/\\\/tmlogistic.pl\\\/wp-content\\\/uploads\\\/2025\\\/01\\\/pexels-pixabay-257636-1024x683.webp\",\"datePublished\":\"2024-03-10T20:21:11+00:00\",\"dateModified\":\"2025-06-12T14:23:10+00:00\",\"breadcrumb\":{\"@id\":\"https:\\\/\\\/tmlogistic.pl\\\/?page_id=488#breadcrumb\"},\"inLanguage\":\"pl-PL\",\"potentialAction\":[{\"@type\":\"ReadAction\",\"target\":[\"https:\\\/\\\/tmlogistic.pl\\\/?page_id=488\"]}]},{\"@type\":\"ImageObject\",\"inLanguage\":\"pl-PL\",\"@id\":\"https:\\\/\\\/tmlogistic.pl\\\/?page_id=488#primaryimage\",\"url\":\"https:\\\/\\\/tmlogistic.pl\\\/wp-content\\\/uploads\\\/2025\\\/01\\\/pexels-pixabay-257636.webp\",\"contentUrl\":\"https:\\\/\\\/tmlogistic.pl\\\/wp-content\\\/uploads\\\/2025\\\/01\\\/pexels-pixabay-257636.webp\",\"width\":1996,\"height\":1331},{\"@type\":\"BreadcrumbList\",\"@id\":\"https:\\\/\\\/tmlogistic.pl\\\/?page_id=488#breadcrumb\",\"itemListElement\":[{\"@type\":\"ListItem\",\"position\":1,\"name\":\"Strona g\u0142\u00f3wna\",\"item\":\"http:\\\/\\\/tmlogistic.pl\\\/\"},{\"@type\":\"ListItem\",\"position\":2,\"name\":\"Logistyka\"}]},{\"@type\":\"WebSite\",\"@id\":\"https:\\\/\\\/tmlogistic.pl\\\/#website\",\"url\":\"https:\\\/\\\/tmlogistic.pl\\\/\",\"name\":\"TM Logistic Polska \u2013 Transport, Spedycja, Logistyka\",\"description\":\"Transport Krajowy oraz Mi\u0119dzynarodowy, Spedycja ca\u0142opojazdowa\",\"publisher\":{\"@id\":\"https:\\\/\\\/tmlogistic.pl\\\/#organization\"},\"alternateName\":\"Rodzinna firma transportowa. Krajowy i mi\u0119dzynarodowy transport drogowy, spedycja i logistyka 24\\\/7. Nowoczesna flota, terminowo\u015b\u0107, bezpiecze\u0144stwo.\",\"potentialAction\":[{\"@type\":\"SearchAction\",\"target\":{\"@type\":\"EntryPoint\",\"urlTemplate\":\"https:\\\/\\\/tmlogistic.pl\\\/?s={search_term_string}\"},\"query-input\":{\"@type\":\"PropertyValueSpecification\",\"valueRequired\":true,\"valueName\":\"search_term_string\"}}],\"inLanguage\":\"pl-PL\"},{\"@type\":\"Organization\",\"@id\":\"https:\\\/\\\/tmlogistic.pl\\\/#organization\",\"name\":\"TM Logistic Polska \u2013 Transport, Spedycja, Logistyka\",\"alternateName\":\"Transport ca\u0142opojazdowy, Spedycja oraz Logistyka\",\"url\":\"https:\\\/\\\/tmlogistic.pl\\\/\",\"logo\":{\"@type\":\"ImageObject\",\"inLanguage\":\"pl-PL\",\"@id\":\"https:\\\/\\\/tmlogistic.pl\\\/#\\\/schema\\\/logo\\\/image\\\/\",\"url\":\"https:\\\/\\\/tmlogistic.pl\\\/wp-content\\\/uploads\\\/2024\\\/03\\\/TM-Logistic_prezentacja.png\",\"contentUrl\":\"https:\\\/\\\/tmlogistic.pl\\\/wp-content\\\/uploads\\\/2024\\\/03\\\/TM-Logistic_prezentacja.png\",\"width\":1221,\"height\":535,\"caption\":\"TM Logistic Polska \u2013 Transport, Spedycja, Logistyka\"},\"image\":{\"@id\":\"https:\\\/\\\/tmlogistic.pl\\\/#\\\/schema\\\/logo\\\/image\\\/\"}}]}<\/script>\n<!-- \/ Yoast SEO plugin. -->","yoast_head_json":{"title":"Logistyka - TM Logistic Polska \u2013 Transport, Spedycja, Logistyka","robots":{"index":"index","follow":"follow","max-snippet":"max-snippet:-1","max-image-preview":"max-image-preview:large","max-video-preview":"max-video-preview:-1"},"canonical":"https:\/\/tmlogistic.pl\/?page_id=488","og_locale":"pl_PL","og_type":"article","og_title":"Logistyka - TM Logistic Polska \u2013 Transport, Spedycja, Logistyka","og_url":"https:\/\/tmlogistic.pl\/?page_id=488","og_site_name":"TM Logistic Polska \u2013 Transport, Spedycja, Logistyka","article_modified_time":"2025-06-12T14:23:10+00:00","og_image":[{"url":"http:\/\/tmlogistic.pl\/wp-content\/uploads\/2025\/01\/pexels-pixabay-257636-1024x683.webp","type":"","width":"","height":""}],"twitter_card":"summary_large_image","twitter_misc":{"Szacowany czas czytania":"3 minuty"},"schema":{"@context":"https:\/\/schema.org","@graph":[{"@type":"WebPage","@id":"https:\/\/tmlogistic.pl\/?page_id=488","url":"https:\/\/tmlogistic.pl\/?page_id=488","name":"Logistyka - TM Logistic Polska \u2013 Transport, Spedycja, Logistyka","isPartOf":{"@id":"https:\/\/tmlogistic.pl\/#website"},"primaryImageOfPage":{"@id":"https:\/\/tmlogistic.pl\/?page_id=488#primaryimage"},"image":{"@id":"https:\/\/tmlogistic.pl\/?page_id=488#primaryimage"},"thumbnailUrl":"http:\/\/tmlogistic.pl\/wp-content\/uploads\/2025\/01\/pexels-pixabay-257636-1024x683.webp","datePublished":"2024-03-10T20:21:11+00:00","dateModified":"2025-06-12T14:23:10+00:00","breadcrumb":{"@id":"https:\/\/tmlogistic.pl\/?page_id=488#breadcrumb"},"inLanguage":"pl-PL","potentialAction":[{"@type":"ReadAction","target":["https:\/\/tmlogistic.pl\/?page_id=488"]}]},{"@type":"ImageObject","inLanguage":"pl-PL","@id":"https:\/\/tmlogistic.pl\/?page_id=488#primaryimage","url":"https:\/\/tmlogistic.pl\/wp-content\/uploads\/2025\/01\/pexels-pixabay-257636.webp","contentUrl":"https:\/\/tmlogistic.pl\/wp-content\/uploads\/2025\/01\/pexels-pixabay-257636.webp","width":1996,"height":1331},{"@type":"BreadcrumbList","@id":"https:\/\/tmlogistic.pl\/?page_id=488#breadcrumb","itemListElement":[{"@type":"ListItem","position":1,"name":"Strona g\u0142\u00f3wna","item":"http:\/\/tmlogistic.pl\/"},{"@type":"ListItem","position":2,"name":"Logistyka"}]},{"@type":"WebSite","@id":"https:\/\/tmlogistic.pl\/#website","url":"https:\/\/tmlogistic.pl\/","name":"TM Logistic Polska \u2013 Transport, Spedycja, Logistyka","description":"Transport Krajowy oraz Mi\u0119dzynarodowy, Spedycja ca\u0142opojazdowa","publisher":{"@id":"https:\/\/tmlogistic.pl\/#organization"},"alternateName":"Rodzinna firma transportowa. Krajowy i mi\u0119dzynarodowy transport drogowy, spedycja i logistyka 24\/7. Nowoczesna flota, terminowo\u015b\u0107, bezpiecze\u0144stwo.","potentialAction":[{"@type":"SearchAction","target":{"@type":"EntryPoint","urlTemplate":"https:\/\/tmlogistic.pl\/?s={search_term_string}"},"query-input":{"@type":"PropertyValueSpecification","valueRequired":true,"valueName":"search_term_string"}}],"inLanguage":"pl-PL"},{"@type":"Organization","@id":"https:\/\/tmlogistic.pl\/#organization","name":"TM Logistic Polska \u2013 Transport, Spedycja, Logistyka","alternateName":"Transport ca\u0142opojazdowy, Spedycja oraz Logistyka","url":"https:\/\/tmlogistic.pl\/","logo":{"@type":"ImageObject","inLanguage":"pl-PL","@id":"https:\/\/tmlogistic.pl\/#\/schema\/logo\/image\/","url":"https:\/\/tmlogistic.pl\/wp-content\/uploads\/2024\/03\/TM-Logistic_prezentacja.png","contentUrl":"https:\/\/tmlogistic.pl\/wp-content\/uploads\/2024\/03\/TM-Logistic_prezentacja.png","width":1221,"height":535,"caption":"TM Logistic Polska \u2013 Transport, Spedycja, Logistyka"},"image":{"@id":"https:\/\/tmlogistic.pl\/#\/schema\/logo\/image\/"}}]}},"_links":{"self":[{"href":"https:\/\/tmlogistic.pl\/index.php?rest_route=\/wp\/v2\/pages\/488","targetHints":{"allow":["GET"]}}],"collection":[{"href":"https:\/\/tmlogistic.pl\/index.php?rest_route=\/wp\/v2\/pages"}],"about":[{"href":"https:\/\/tmlogistic.pl\/index.php?rest_route=\/wp\/v2\/types\/page"}],"author":[{"embeddable":true,"href":"https:\/\/tmlogistic.pl\/index.php?rest_route=\/wp\/v2\/users\/1"}],"replies":[{"embeddable":true,"href":"https:\/\/tmlogistic.pl\/index.php?rest_route=%2Fwp%2Fv2%2Fcomments&post=488"}],"version-history":[{"count":18,"href":"https:\/\/tmlogistic.pl\/index.php?rest_route=\/wp\/v2\/pages\/488\/revisions"}],"predecessor-version":[{"id":1282,"href":"https:\/\/tmlogistic.pl\/index.php?rest_route=\/wp\/v2\/pages\/488\/revisions\/1282"}],"wp:attachment":[{"href":"https:\/\/tmlogistic.pl\/index.php?rest_route=%2Fwp%2Fv2%2Fmedia&parent=488"}],"curies":[{"name":"wp","href":"https:\/\/api.w.org\/{rel}","templated":true}]}}